4, what is 3 + b47b8?
b47bb
In base 7, what is -15420 - -13?
-15404
In base 4, what is -10 + 132032?
132022
In base 10, what is -8 + -52421?
-52429
In base 2, what is 1 - -11111101111110101?
11111101111110110
In base 5, what is -20 - -400403?
400333
In base 4, what is 102 - 120121?
-120013
In base 12, what is -3 - -22ab3?
22ab0
In base 10, what is 3508 + -1?
3507
In base 7, what is 4 + 3445?
3452
In base 16, what is -5f24 + c?
-5f18
In base 11, what is 9a03a - 1?
9a039
In base 11, what is a - -25a2?
2601
In base 8, what is 3 - -15636?
15641
In base 10, what is 7 + -745?
-738
In base 15, what is 38b82 + -1?
38b81
In base 4, what is -31111 + 1212?
-23233
In base 6, what is -341351 - 15?
-341410
In base 14, what is 50a5 - -22?
50c7
In base 8, what is 211636 - 5?
211631
In base 4, what is -113113 + 20?
-113033
In base 8, what is -16451 + -10?
-16461
In base 15, what is -c - e6d8?
-e6e5
In base 8, what is 40127 + -267?
37640
In base 7, what is -5 - 111665?
-112003
In base 16, what is c4a2 + -1?
c4a1
In base 6, what is 32155135 - 4?
32155131
In base 2, what is -10010100111 - -11101?
-10010001010
In base 11, what is -19 + -597?
-605
In base 2, what is 111010110 + -1?
111010101
In base 11, what is 494 + 20a?
6a3
In base 9, what is 3 + 37327?
37331
In base 13, what is 1a3 - 230?
-5a
In base 16, what is -740e9e + 4?
-740e9a
In base 12, what is -12 + -127a?
-1290
In base 8, what is 4541661 + 2?
4541663
In base 14, what is -2 + 1802?
1800
In base 16, what is -6 - 1d8f?
-1d95
In base 6, what is -1225211 - 30?
-1225241
In base 16, what is 46f1 - 2?
46ef
In base 16, what is 9 + -c6?
-bd
In base 15, what is -15eb78 - 3?
-15eb7b
In base 16, what is -4 + ed7a?
ed76
In base 12, what is 5 - -3202?
3207
In base 2, what is -1010 - 10101110011011?
-10101110100101
In base 3, what is -12 + -2202021222?
-2202022011
In base 2, what is -11 - 1010010110000111?
-1010010110001010
In base 8, what is -617 + 6334?
5515
In base 13, what is 251840 - -2?
251842
In base 13, what is -150 + 16ab?
155b
In base 10, what is -5 + 14541?
14536
In base 6, what is -210 + 304?
54
In base 6, what is -22 - -25?
3
In base 12, what is 21 - 447?
-426
In base 11, what is 51 - 10467?
-10416
In base 14, what is -6b22 + 5?
-6b1b
In base 5, what is -1 - -34424012?
34424011
In base 3, what is -200 + 101011011102?
101011010202
In base 14, what is 7b7 + -b7?
700
In base 4, what is -12 - 10032031?
-10032103
In base 15, what is 2e - -251a?
2549
In base 2, what is 1110010011111101 - -100?
1110010100000001
In base 14, what is -2150 + 20c?
-1d42
In base 9, what is 44733 - 12?
44721
In base 8, what is -61 + 11?
-50
In base 7, what is 4 - 133041?
-133034
In base 8, what is 5344 + -361?
4763
In base 7, what is -14 - 1221?
-1235
In base 10, what is -989 + 118?
-871
In base 10, what is 56 - 2204?
-2148
In base 11, what is 4 + -9385?
-9381
In base 12, what is -7 + 3a388a?
3a3883
In base 16, what is -28 + 607?
5df
In base 15, what is -1038eb + 2?
-1038e9
In base 9, what is 2661 + -258?
2402
In base 14, what is 13 + -536?
-523
In base 14, what is 2c + 251?
27d
In base 13, what is -8 - 615a?
-6165
In base 4, what is -33 + 320?
221
In base 3, what is 1 - -212020200?
212020201
In base 11, what is 448 - 33?
415
In base 4, what is -2012323 - 0?
-2012323
In base 3, what is 2 - 10000000?
-2222221
In base 15, what is cd - 314?
-236
In base 2, what is -101 - 110011011111?
-110011100100
In base 16, what is f + -23844?
-23835
In base 5, what is -13212 - 41?
-13303
In base 10, what is 3163 - 91?
3072
In base 9, what is 1024 + -2086?
-1062
In base 7, what is -4 - 112220?
-112224
In base 7, what is 1626 - 5134?
-3205
In base 11, what is -371270 - -3?
-371268
In base 12, what is -122 + -16?
-138
In base 4, what is -3 + -112323020?
-112323023
In base 14, what is 70 + 562d?
569d
In base 10, what is 255 + -31?
224
In base 8, what is 41543 - -7?
41552
In base 7, what is -20 + 116515?
116465
In base 4, what is -331003112 + 13?
-331003033
In base 9, what is 2234018 - -1?
2234020
In base 4, what is 11 + -111333121?
-111333110
In base 6, what is 3 + -1100445?
-1100442
In base 5, what is 1210220014 + 10?
1210220024
In base 10, what is -5 + -31256?
-31261
In base 2, what is -100001001110 - -10100?
-100000111010
In base 16, what is 2 + -b4844?
-b4842
In base 3, what is 10 - 1000221221?
-1000221211
In base 3, what is 10 + 122011112111?
122011112121
In base 14, what is -5 + -30b98?
-30b9d
In base 6, what is -3 - -200433?
200430
In base 14, what is 968 + 30?
998
In base 6, what is 3 - 4554111?
-4554104
In base 5, what is 10 + 14130?
14140
In base 15, what is 4 + -d74?
-d70
In base 3, what is -212211 - -1120?
-211021
In base 16, what is 8 - -ecd?
ed5
In base 8, what is 11 + -145376?
-145365
In base 2, what is -10110110111100 + 10?
-10110110111010
In base 8, what is 3 - -250506?
250511
In base 9, what is -5363 + -11?
-5374
In base 3, what is 12100001 - 1220?
12021011
In base 14, what is 1db + 90a?
b07
In base 16, what is -3d3 + 19?
-3ba
In base 16, what is -241e - -7?
-2417
In base 16, what is -38c + 36?
-356
In base 2, what is 11 + 11100011111000000100?
11100011111000000111
In base 4, what is 11 + 133201303?
133201320
In base 14, what is 11219 - -3?
1121c
In base 15, what is -25 + 553?
52d
In base 16, what is 1821 - -b?
182c
In base 6, what is 3052 + 314?
3410
In base 3, what is -121 + -22122222?
-22200120
In base 7, what is 1462 + 2?
1464
In base 8, what is -5 - 5210301?
-5210306
In base 12, what is 2 - -3a153?
3a155
In base 11, what is -553 - 59?
-601
In base 5, what is -4 - -100244?
100240
In base 9, what is 7062 - -3?
7065
In base 6, what is 1044125 + 35?
1044204
In base 9, what is 2321151 + 3?
2321154
In base 2, what is -1000111010001110 - 11011?
-1000111010101001
In base 2, what is -10010001001100 - -10000?
-10010000111100
In base 16, what is ce8b + -4?
ce87
In base 11, what is a572a + -7?
a5723
In base 2, what is 1110101 - -111000110?
1000111011
In base 9, what is 116744 - 53?
116681
In base 16, what is -1 - -35ee?
35ed
In base 16, what is 0 - 86158?
-86158
In base 12, what is aa7 + 1634?
251b
In base 6, what is -1033252 - 14?
-1033310
In base 13, what is -1c7 - -137b?
1184
In base 11, what is 5 + 26346?
26350
In base 5, what is 1314114 - -12?
1314131
In base 2, what is 111 + 11001010100001?
11001010101000
In base 14, what is 1b03 - -30?
1b33
In base 13, what is -2b434 + 1?
-2b433
In base 13, what is -ba875 - 9?
-ba881
In base 4, what is 21 - 20211?
-20130
In base 10, what is -130287 + -3?
-130290
In base 8, what is -23 - 10044?
-10067
In base 8, what is -4 - -17357?
17353
In base 7, what is 1461423 - 4?
1461416
In base 2, what is 101 - -101000111101010?
101000111101111
In base 10, what is -4189 + -49?
-4238
In base 16, what is -139e2 + -2?
-139e4
In base 2, what is 11 + -11010110011101110111?
-11010110011101110100
In base 4, what is 0 + -102023001?
-102023001
In base 4, what is 30 - -111200?
111230
In base 2, what is -10010 - -10001100100010?
10001100010000
In base 11, what is -4 + 88a?
886
In base 15, what is 2547 - a0?
2497
In base 5, what is -113 + -13423?
-14041
In base 2, what is -111010 + 101111000010101?
101110111011011
In base 13, what is -9 - 8b7?
-8c3
In base 4, what is 101 - -11113201?
11113302
In base 4, what is -10013 - 2201?
-12220
In base 5, what is -244330 + -10?
-244340
In base 14, what is -10a + 3169?
305d
In base 16, what is -12 + -146?
-158
In base 4, what is -2122 - 10?
-2132
In base 5, what is -112201432 - 0?
-112201432
In base 3, what is 11111 + -201002?
-112121
In base 9, what is -1008 - 221?
-1230
In base 11, what is 1575 + -97?
1489
In base 6, what is 110 + -103?
3
In base 10, what is 279 - -83?
362
In base 10, what is -970681 - -3?
-970678
In base 6, what is 0 + -122214?
-122214
In base 4, what is -112312 + -11?
-112323
In base 3, what is 112210 + 20200200?
21020110
In base 5, what is 22342024 + -3?
22342021
In base 11, what is -5 + a8?
a3
In base 12, what is -4a3 - -189?
-316
In base 2, what is -101110101110 + -101110111?
-110100100101
In base 7, what is -16300 + -1315?
-20615
In base 8, what is -4634 - -7?
-4625
In base 13, what is 6c39b2 - 1?
6c39b1
In base 8, what is -27331 - 5?
-27336
In base 4, what is 2 + 30013120?
30013122
In base 12, what is -6 - -18729a?
187294
In base 11, what is 1 - -752?
753
I